r**2 - 7*r + 14. Let c be j(-5). Calculate t(c).
1
Let y(s) = -5*s - 2. Let m(c) = 21*c + 8. Let f(d) = 2*m(d) + 9*y(d). Suppose -5*j = -2*b + 12 + 12, -16 = -2*b + 3*j. What is f(b)?
-8
Let q(u) = -2*u + 14. Let d(y) = 1. Let c(k) = 5*d(k) - q(k). Let v be ((-2)/2)/((-1)/7). Let b be c(v). Let f(t) = t - 6. Calculate f(b).
-1
Let f(p) = -3*p**2 + 0*p**2 + 5 - 4*p**3 + 3*p**3 + 10*p**2. What is f(7)?
5
Suppose 4*y + 0 - 19 = -m, -2*y + 3*m + 13 = 0. Let f(z) = z - y*z - 3 + 2. Let n = -18 - -19. Give f(n).
-5
Let c(y) = -y - 3. Let g be c(-4). Let r(i) = -i**3 + 2*i**2 - i + 2. Let u(o) = -2*o**3 + 3*o**2 - o + 3. Let a(v) = 5*r(v) - 3*u(v). What is a(g)?
1
Let n(d) = -d**2 - d. Let h(p) be the third derivative of p**5/20 + p**4/24 + 2*p**3/3 - 3*p**2. Let m(b) = -h(b) - 4*n(b). What is m(-3)?
-4
Let o = 11 - 10. Let a be (-4 - -2 - o) + -2. Let n be a/(-2)*(-4)/(-5). Let f(k) = -2*k + 1. Calculate f(n).
-3
Let y(l) = 6*l + 6*l**2 - 10*l**2 + 1 - l + 5*l**2. Calculate y(-6).
7
Let s(l) = -7*l**3 - l**2 - l - 5. Let p(d) = 3*d**3 + 2. Let x(n) = -9*p(n) - 4*s(n). Let v be (-8)/6*(-2 - -5). Let o be (3/v)/(3/12). Determine x(o).
-1
Let x(y) = y**3 - 3*y**2 - 5*y - 3. Let f be ((-4)/7)/(3/(-21)). Give x(f).
-7
Let p(d) = 26 - 52 + 26 - 33*d. What is p(1)?
-33
Let f(p) = p**3 + 5*p**2 - 6*p - 6. Let y(u) be the first derivative of u**4/4 + 4*u**3/3 - 5*u**2/2 - 6*u + 1. Let h be y(-5). Calculate f(h).
-6
Let s(l) = -3*l + 1. Let d = -3 - -1. Let u be (7 - 9)*(1 + d). Give s(u).
-5
Suppose 5*r = 12 + 3. Let d(n) = -5 + 4*n - n**2 + 1 + r. Suppose -4*z + 3*g = -23, 6 - 30 = -2*z + 4*g. Determine d(z).
3
Let c = -15 + 24. Let y(o) = o**2 - 10*o + 5. What is y(c)?
-4
Let i(d) = 39*d**2 - 10*d - 85. Let l(b) = -8*b**2 + 2*b + 17. Let s(t) = -2*i(t) - 11*l(t). Let u(m) = -7*m**2 + m + 11. Let z(x) = 5*s(x) + 7*u(x). Give z(6).
10
Suppose 2 = 2*o - 2*g, 4*g = -2*o + 5*o + 1. Suppose -u = j - 1 - o, -8 = -2*u. Let b(y) = 0*y - 9 + 3 - j*y. Calculate b(-6).
6
Let t be ((-4)/5)/((-12)/(-30)). Let r(i) = 16*i**2 - 21*i - 20. Let s(u) = -3*u**2 + 4*u + 4. Let c(n) = t*r(n) - 11*s(n). Calculate c(3).
-1
Let b(x) = 0*x + 5 + 0*x + x. Let a = -28 - -24. Calculate b(a).
1
Let x(f) = -8 + 0*f + 0*f + 0*f - 4*f. Calculate x(-7).
20
Let d(h) be the second derivative of -5*h**4/12 + h**3/6 - h**2/2 - 7*h. Calculate d(1).
-5
Suppose 0 = 4*s, 2 = t - s - 2. Let u = t - 1. Let r(a) = -3*a**3 + 4*a - 2*a**2 + 3 + 2*a**u - 4. Give r(-3).
-4
Let q(s) = -14*s. Let c(l) = 7*l**2 - 7*l + 5. Let d(m) = 13*m**2 - 13*m + 9. Let o(t) = -11*c(t) + 6*d(t). Let h be o(2). Give q(h).
-14
Let l be (3/2)/(6/176). Suppose 2*d = 0, -4*q = d + 4*d + l. Let y = q + 7. Let n(w) = w**3 + 6*w**2 + 7*w + 4. Calculate n(y).
8
Let a(l) = -l**2 + 4*l + 6. Let n be a(-3). Let o = 20 + n. Let g(i) be the third derivative of i**5/60 - i**4/4 - 7*i**3/6 - i**2. Determine g(o).
-12
Let n(r) = -3*r + 8. Let k be 10*(-9)/(-75)*(-10)/(-3). Give n(k).
-4
Let u(b) = 15 - 9*b**2 - 8 - 6. Calculate u(-1).
-8
Suppose 4*j = -3*p + 11, -8*p = -j - 4*p + 17. Let h(f) = 4 + 5*f**2 - 16523*f + 16525*f + 0 - f**3. What is h(j)?
14
Let v(o) = -3*o**2 - 8*o + 7. Let r(l) = -4*l**2 - 8*l + 8. Let w(c) = -2*r(c) + 3*v(c). Calculate w(-6).
17
Let s(k) be the second derivative of -k**5/20 + 2*k**4/3 - 3*k**3/2 + 5*k**2/2 + 2*k. Calculate s(7).
-9
Let j be 3 + -2 - (-8)/(-8). Let v(n) = n + 1 + j + 0. Suppose 5*f + 3 = -2. Calculate v(f).
0
Let o(t) = -3*t**2 - 7*t - 2. Let r(a) = a**2 + a. Let j(v) = o(v) + 4*r(v). Let s = 41 - 39. Calculate j(s).
-4
Let o(m) = 10*m**2 - 1. Let l = -2 - 23. Let i be (-4)/(-14) - l/35. Calculate o(i).
9
Let a(k) = -3*k - 2. Let o(i) = -2*i**2 + 0 + 3*i**2 - 2. Let u be o(0). Let s be a(u). Let z(w) = w**3 - 4*w**2 + 2*w - 4. Determine z(s).
4
Let y(o) = 6*o**3 + 13*o**2 + 6*o - 2. Let g(k) = k**3 + k**2. Let l(x) = -5*g(x) + y(x). Determine l(-6).
34
Let a(g) = 3*g + 13*g + 1 + 3. Let u(p) = -11*p - 3. Let x = -28 + 33. Let d(j) = x*a(j) + 7*u(j). Give d(-2).
-7
Let l(p) = -p**2 + 2*p + 3. Let t be l(3). Suppose -r + 2*r = -2*s + 3, -r - 3 = 0. Let f(b) = -2*b - 3 - 6*b**3 + 5*b**s + b**2 + 3*b. Calculate f(t).
-3
Let o(z) = z**2 - 3*z + 2. Suppose 0 = 5*b - 2*b - 6. Let h be o(b). Let n(f) = 0*f - 4 + 3*f**2 + f - 4*f**2. Determine n(h).
-4
Let p be (-1)/(6/9)*-6. Let u be 6/p - (-13)/3. Let z(i) be the first derivative of -i**3/3 + 5*i**2/2 + 1. What is z(u)?
0
Let f be (-2 + -4)/1 - -3. Let j(b) be the third derivative of -b**6/120 - b**5/30 + b**4/12 - b**3/6 + 2*b**2. What is j(f)?
2
Suppose 4*d = 7*d. Suppose d*g = g. Let b(k) = -2*k + k + g*k - 1. Calculate b(-3).
2
Let i(y) = 6*y. Let d(f) = -2*f. Let p(k) = -14*d(k) - 5*i(k). Give p(2).
-4
Let d(s) = -s**2 - 5*s + 2. Suppose -r + 3*v = -6, 2*v - 42 = 5*r + 5*v. Give d(r).
-4
Let x(k) = 3*k**3 + 5*k**2 - 9*k + 6. Let g(m) = -m**3 - 2*m**2 + 4*m - 3. Let t(y) = 5*g(y) + 2*x(y). Calculate t(2).
9
Let h be 24/20*15/3. Suppose -3*b = -6*b - h. Let k(m) = -3*m**2 - 2*m. Determine k(b).
-8
Let v = -23 - -24. Let f(n) = -10*n**3 + n**2 - 1. Calculate f(v).
-10
Let k(s) = 15*s**3 + s**2 - s + 1. Suppose 0*h = -2*h - 6. Let n(t) = -16*t**3 - 2*t**2 + t - 1. Let b(u) = h*k(u) - 2*n(u). Let x = 367 - 366. What is b(x)?
-12
Let h = 149 + -160. Let v(c) = -c**2 - 9*c + 10. Determine v(h).
-12
Let j be (4/(-10))/((-1)/5). Let k(z) be the second derivative of 1/12*z**4 - 5/6*z**3 + 0 + 4*z + 1/2*z**2. Calculate k(j).
-5
Let l(w) be the second derivative of w**8/6720 + w**7/630 - w**6/180 + w**5/40 + w**4/12 + w. Let y(j) be the third derivative of l(j). Give y(-5).
-2
Let x(c) = c**2 - c + 7. Let w be 3 + 5 + (-2)/2. Suppose w*b = 6*b. Determine x(b).
7
Let x(y) = 9. Let o(w) = 1. Let b(h) = -3*o(h) + x(h). Let v(g) = g. Suppose 4*z - 9 = -0*z - s, 4*s - 15 = 5*z. Let c(d) = z*v(d) + b(d). Give c(-6).
0
Let j(h) = -h**2 - 9. Let z(f) = f - 1. Let x(n) = -j(n) + 4*z(n). Let s be 10/(-3)*6/(-4). Let q = 0 - s. Give x(q).
10
Let d(i) = -i**2 - 5*i - 2. Let c = 93 + -97. Give d(c).
2
Let g(d) = -2 + 7 - d - 6. Give g(0).
-1
Let l(i) = 3*i + 7. Let z(u) = u**2 - 7*u + 1. Let d be z(8). Suppose 0 = 5*c + 16 + d. What is l(c)?
-8
Suppose -5*r + 24 = 2*c, 3*c + 2*r = -2*r + 22. Let j(u) be the first derivative of -3 + 3/2*u**2 - u - u**3 + 1/2*u**4. Calculate j(c).
9
Suppose 3*r = -1 - 11. Let f(i) be the second derivative of -i**3/2 - 3*i**2/2 + i. Give f(r).
9
Let f(l) be the first derivative of l**4/12 + l**3/3 + l**2/2 + 2. Let s(m) be the second derivative of f(m). Give s(-3).
-4
Let q(s) be the second derivative of -s**4/12 + s**3/3 - s**2/2 - 33*s. Determine q(-2).
-9
Let c(p) = -3*p**2 + 7*p - 4. Let n(t) = -t**2 + t. Let j(d) = -c(d) + 4*n(d). Let m be 2*-1*21/14. Give j(m).
4
Let a(g) = -g**2 + 5*g + 2. Let h be (-10)/(-65)*1 + 63/13. Give a(h).
2
Let m(l) = -2*l**2 - 1 + 54*l + l**2 - 59*l - 2. What is m(-2)?
3
Let o(m) = m**2 - 4*m + 1. Let p = -123 + 127. What is o(p)?
1
Let t(b) = 8*b**2 + 11. Let k(w) = -13*w**2 + w - 17. Let u(h) = -5*k(h) - 8*t(h). Suppose -15 + 0 = -3*j. Give u(j).
-3
Let b(g) = -3*g**2 - 4*g - 2. Suppose 2 = k + 5*z, 2*k + 6 = -4*z - 2. Let w(a) = a**2 + 8*a - 4. Let y be w(k). Let x = 2 + y. Determine b(x).
-6
Let c(n) = 4*n**3 - n**2 + n. Let f be (-12)/8*4/(-6). Determine c(f).
4
Suppose 0 = 7*c - 3*c + 24. Let v(s) = -s**3 + s**2 + s - 1. Let z(p) = 2*p**3 - 9*p**2 - 3*p - 1. Let d(g) = -3*v(g) - z(g). Give d(c).
4
Let b(a) = -1. Let q(w) = -4*w + 7. Let s(j) = -6*b(j) - q(j). Calculate s(2).
7
Let g be (10/4)/(14/168). Let s(j) = j**2 - 2*j**2 - 4 - 26*j + g*j. Calculate s(5).
-9
Let q(m) = -m**2 - 6*m - 3. Let x = -16 + 11. What is q(x)?
2
Suppose 4*g = -15 - 5. Let y(b) = -4*b**3 - 9*b**2 + 10*b + 2. Let u(x) = -5*x**3 - 10*x**2 + 11*x + 3. Let w(v) = g*u(v) + 6*y(v). What is w(3)?
3
Let f(n) = -2*n + 16. Let t be f(7). Let b(h) = -h**3 + 4*h**2 - 3*h + 1. Give b(t).
3
Let p(y) be the first derivative of -1/4*y**4 - y + 2 - y**2 - y**3. Calculate p(-3).
5
Suppose -8 - 7 = -3*i. Let o(b) = -i + 2*b + 6 - b. Determine o(4).
5
Let o(j) = 7*j**2 + 3*j + 2. Let a(u) = -u**2 + u + 1. Let b be (-7)/(-14)*(0 + 6). Let k(h) = b*a(h) - o(h). What is k(-1)?
-9
Let u(o) = 21*o + 105. Let l be u(-5). Let m(v) be the fi